 v(16).
-421
Let j(o) = -104*o**2 - 266*o - 576. What is j(-2)?
-460
Let r(m) = -11*m**2 - 543*m - 2121. Determine r(-4).
-125
Let h(t) = 3*t**3 + 29*t**2 - 568*t + 9. Determine h(12).
2553
Let c(j) = 26965*j + 161282. Determine c(-6).
-508
Let m(c) = c**3 - 790*c**2 - 10534*c - 1238. What is m(-13)?
-3
Let u(h) = -h**2 - 1795*h - 23221. Calculate u(-13).
-55
Let m(a) = -1204153*a - 6020768. Calculate m(-5).
-3
Let x(l) = -9624*l + 4638769. Give x(482).
1
Let x(j) = -j**3 + 10*j**2 + 432*j - 3825. Calculate x(9).
144
Let p(c) = -208519*c - 208521. Calculate p(-1).
-2
Let c(b) = -5*b**2 + 1071*b - 11921. What is c(202)?
401
Let g(k) = 2*k**3 + 1297*k**2 + 2580*k - 29. What is g(-2)?
-17
Let t(q) = -1894*q + 98506. What is t(52)?
18
Let v(f) = 7*f**3 - 332*f**2 - 183*f - 450. Determine v(48).
-18
Let i(z) = z**3 + 108*z**2 - 450*z - 226. Calculate i(-112).
-2
Let r(g) = -3397*g + 101885. Give r(30).
-25
Let g(s) = -7*s**2 + 1025*s + 2817. Give g(149).
135
Let u(s) = 2*s**3 - 146*s**2 + 1357*s + 17. Determine u(11).
-60
Let c(a) = -44*a**2 + 796*a + 10780. Give c(-9).
52
Let w(s) = -147*s - 5337. Calculate w(-32).
-633
Let v(b) = 3544*b**2 - 180742*b - 52. What is v(51)?
50
Let b(f) = -5*f**2 + 132*f + 35. Determine b(-7).
-1134
Let z(w) = 2*w**2 + 416*w + 17587. What is z(-59)?
5
Let g(j) = 337*j + 71116. Calculate g(-212).
-328
Let u(f) = -190*f**2 + 56620*f + 72. Determine u(298).
72
Let b(f) = -f**3 + 28*f**2 - 82*f + 125. Give b(24).
461
Let h(q) = -1904*q**2 - 19036*q + 39. Calculate h(-10).
-1
Let h(r) = 207*r**2 + 747*r + 1512. Give h(-2).
846
Let z(x) = 342*x - 25510. What is z(75)?
140
Let t(g) = 331*g - 24174. Determine t(73).
-11
Let m(o) = -10105*o + 929674. Calculate m(92).
14
Let x(s) = -s**2 + 4*s + 436. Determine x(-18).
40
Let q(d) = 4*d**2 - 730*d + 28768. What is q(125)?
18
Let k(f) = -86*f + 3176. What is k(38)?
-92
Let f(s) = s**2 - 541*s + 8400. Give f(16).
0
Let l(m) = m**2 + 17792*m + 1593188. Calculate l(-90).
8
Let p(t) = -75*t**2 + 27*t + 116. Determine p(4).
-976
Let d(u) = -4*u**3 - 4*u**2 + 191*u - 207. Calculate d(0).
-207
Let n(q) = 3*q**2 + 66831*q - 467967. Determine n(7).
-3
Let y(k) = 143*k**2 + 1767*k - 1827. Determine y(1).
83
Let r(c) = 1238*c + 35878. Calculate r(-29).
-24
Let m(c) = 42*c**2 + 420*c + 59. Calculate m(-10).
59
Let q(i) = -2*i**2 + 4377*i + 52835. Determine q(-12).
23
Let z(j) = -3*j**2 + 8364*j + 33467. Determine z(-4).
-37
Let w(i) = -i**3 - 26*i**2 + 2728*i + 70926. Determine w(-26).
-2
Let a(c) = 13*c**2 + 1281*c - 7. What is a(0)?
-7
Let h(t) = -t**3 + 470*t**2 - 6216*t - 76643. Determine h(456).
-35
Let o(n) = -5*n**3 - 26*n**2 + 80*n + 15. Determine o(3).
-114
Let a(s) = 95*s - 8658. Determine a(63).
-2673
Let n(r) = -r**3 - 346*r**2 - 2372*r + 2068. Give n(-339).
1729
Let b(h) = -2*h**2 + 113539*h + 1589938. Give b(-14).
0
Let s(x) = -2*x**2 + 2236*x + 33933. Calculate s(-15).
-57
Let f(q) = -9*q**2 - 17*q + 21. Determine f(7).
-539
Let m(w) = -3*w**2 + 173*w - 2091. Calculate m(22).
263
Let v(o) = -3*o**2 + 5*o + 1074. Calculate v(-17).
122
Let q(g) = -8*g**2 - 221*g - 1076. What is q(-17)?
369
Let n(k) = k**3 - 9*k**2 + 3*k - 232. What is n(10)?
-102
Let i(t) = -t**2 + 62*t + 747. Determine i(66).
483
Let n(m) = -23*m**2 - 1302*m + 12969. What is n(10)?
-2351
Let o(a) = a**3 - 931*a**2 + 3741*a + 15. Calculate o(4).
147
Let x(y) = y**2 + 16866*y + 387435. Calculate x(-23).
46
Let f(s) = 838222*s + 16764435. Give f(-20).
-5
Let z(h) = -520*h - 1079. Calculate z(-4).
1001
Let d(y) = -7348*y - 73470. Give d(-10).
10
Let v(n) = -1420*n - 1413. What is v(-1)?
7
Let u(a) = -191*a + 18381. Give u(96).
45
Let x(h) = -6*h**3 - 1917*h**2 + 4832*h + 590. Determine x(-322).
-54
Let q(m) = 1343549*m + 10748395. Calculate q(-8).
3
Let m(w) = -18*w**3 + 162*w**2 + 6*w + 50. What is m(9)?
104
Let c(t) = -8*t**3 + 77*t**2 - 308*t - 11. What is c(4)?
-523
Let v(w) = 2*w**3 - 41*w**2 - 101*w + 280. Determine v(22).
-490
Let i(v) = 6*v**2 + 822*v - 50508. Determine i(46).
0
Let o(h) = -2*h**2 - 116425*h + 931521. Determine o(8).
-7
Let i(a) = a**3 - 121*a**2 - 3624*a - 3808. What is i(146)?
-12
Let t(v) = -146*v - 36883. Determine t(-253).
55
Let y(t) = -13498*t + 931330. Determine y(69).
-32
Let x(p) = 5*p**2 - 144*p - 797. Give x(-6).
247
Let l(z) = -4*z**2 - 274*z + 28312. Give l(-125).
62
Let b(n) = -n**3 - n**2 + 170*n + 106. Determine b(12).
274
Let z(v) = 6308*v + 44175. What is z(-7)?
19
Let k(x) = -x**3 + 29*x**2 - 152*x + 927. Calculate k(24).
159
Let d(s) = 48*s**2 - 1184*s - 407. What is d(25)?
-7
Let q(f) = f**3 + 93*f**2 + 1460*f - 6. What is q(-20)?
-6
Let r(z) = -z**2 + 290*z - 20340. Determine r(149).
669
Let r(p) = -p**2 + 2882*p + 66798. Give r(-23).
-17
Let f(j) = -7*j**2 + 42*j + 168. Give f(11).
-217
Let d(f) = -232090*f - 696270. What is d(-3)?
0
Let s(t) = 494*t + 3946. Determine s(-8).
-6
Let s(v) = -4638*v - 120557. What is s(-26)?
31
Let y(v) = -4*v**3 + 19*v**2 - 363*v + 1916. Determine y(7).
-1066
Let y(v) = v**2 - 10599*v - 500363. Give y(-47).
-1
Let t(v) = 41*v**2 - 299*v + 9. What is t(7)?
-75
Let z(d) = -18*d**2 - 578*d + 10556. Calculate z(13).
0
Let p(j) = -6*j**2 + 724*j - 19001. Give p(82).
23
Let o(v) = -v**3 - 42*v**2 - 63*v - 191. What is o(-40)?
-871
Let q(y) = 7*y**2 + 1529*y + 32231. Give q(-21).
3209
Let o(i) = -i**3 + 87*i**2 + 1076*i - 86940. Determine o(88).
4
Let s(l) = 8*l**3 + 9768*l**2 + 592*l + 722831. Calculate s(-1221).
-1
Let s(m) = m**2 + 1805*m + 165282. Give s(-97).
-394
Let f(d) = d**2 + 2141*d + 572169. Calculate f(-313).
5
Let z(f) = 98*f**2 - 14*f + 276. What is z(4)?
1788
Let z(q) = -q**3 + 76*q**2 + 2648*q - 79. Calculate z(-26).
25
Let n(c) = -219174*c + 5698532. Give n(26).
8
Let p(l) = l**3 - 44*l**2 + 175*l - 986. Determine p(39).
-1766
Let h(o) = 179*o - 20742. What is h(113)?
-515
Let x(v) = 504*v - 8454. What is x(16)?
-390
Let w(t) = -35*t + 2428. Give w(69).
13
Let i(a) = 31466*a + 818070. Determine i(-26).
-46
Let c(s) = -5*s**3 + 243*s**2 - 791*s + 31041. Determine c(48).
-15
Let d(y) = -337*y - 1733. What is d(-9)?
1300
Let c(w) = 6*w**3 + 2702*w**2 + 903*w + 1499. What is c(-450)?
149
Let s(k) = k**2 - 322*k + 23502. What is s(110)?
182
Let a(i) = -i**3 + 58*i**2 + 104*i - 17340. Give a(54).
-60
Let g(y) = -5926*y + 385158. Give g(65).
-32
Let x(b) = -539*b**2 + 9165*b - 21. Determine x(17).
13
Let h(q) = 6*q**2 - 65*q - 398. Give h(15).
-23
Let l(r) = -4297821*r + 4297825. What is l(1)?
4
Let z(v) = -4*v**2 - 271*v - 4370. Determine z(-41).
17
Let m(l) = -l**3 - 159*l**2 - 353*l - 28098. What is m(-158)?
2712
Let v(r) = 2*r**3 - 13*r**2 - 91*r - 111. Calculate v(-5).
-231
Let o(k) = 5*k**2 + 313*k + 4906. Determine o(-30).
16
Let h(k) = k**2 + 2941*k + 198212. Determine h(-69).
44
Let o(r) = 3*r**3 + 52*r**2 - 1426*r + 124. Give o(15).
559
Let t(y) = -2928*y - 17170. Determine t(-6).
398
Let t(f) = -338*f**2 + 10179*f - 1163. What is t(30)?
7
Let l(v) = -161*v + 26675. What is l(175)?
-1500
Let y(t) = -t**3 + 31*t**2 - 184*t + 362. Determine y(24).
-22
Let a(t) = -8869*t - 79956. What is a(-9)?
-135
Let b(o) = o**2 + 411*o + 39911. Determine b(-159).
-157
Let z(k) = -11709*k - 620599. What is z(-53)?
-22
Let d(m) = -123*m**2 - 5116*m - 16806. Determine d(-38).
-10
Let g(h) = 2197*h + 166993. Calculate g(-76).
21
Let t(f) = 1742*f**2 - 329237*f - 202. Calculate t(189).
-13
Let h(n) = -n**3 + 15*n**2 + 491*n - 7783. Determine h(19).
102
Let l(n) = n**3 - 49*n**2 + 228*n + 1302. Calculate l(43).
12
Let t(q) = 12*q**2 - 413*q - 470. Calculate t(35).
-225
Let a(r) = 2*r**3 - 17*r**2 + 190*r - 2148. Calculate a(10).
52
Let t(l) = -l**3 + 121*l**2 - 250*l + 885. Give t(119).
-543
Let c(m) = -39384*m - 393840. What is c(-10)?
0
Let z(o) = 125301*o + 14033713. Calculate z(-112).
1
Let o(t) = t**3 - 32*t**2 + 3746*t - 45492. What is o(13)?
-5
Let s(h) = -h**3 + 482*h**2 - 594*h + 54369. Give s(481).
16
Let w(y) = -182*y**3 + 1453*y**2 + 74*y - 409. Determine w(8).
-9
Let k(p) = 305*p + 10070. Give k(-30).
920
Let b(i) = 335*i + 27150. What is b(-81)?
15
Let t(u) = 2*u**3 + 231*u**2 - 1075*u + 619. Determine t(-120).
19
Let t(j) = j**3 - 35*j**2 - 373*j + 12663. Determine t(35).
-392
Let u(a) = -14*a**2 - 61*a - 12. Give u(-5).
-